s the remainder when 900 is divided by 393?
114
What is the remainder when 515 is divided by 35?
25
Calculate the remainder when 558 is divided by 34.
14
What is the remainder when 427 is divided by 142?
1
What is the remainder when 16 is divided by 2?
0
Calculate the remainder when 607 is divided by 231.
145
What is the remainder when 74 is divided by 68?
6
Calculate the remainder when 813 is divided by 25.
13
Calculate the remainder when 119 is divided by 40.
39
What is the remainder when 103 is divided by 57?
46
What is the remainder when 159 is divided by 32?
31
What is the remainder when 802 is divided by 14?
4
What is the remainder when 420 is divided by 77?
35
Calculate the remainder when 46 is divided by 14.
4
Calculate the remainder when 730 is divided by 239.
13
What is the remainder when 3529 is divided by 270?
19
Calculate the remainder when 957 is divided by 13.
8
What is the remainder when 435 is divided by 37?
28
Calculate the remainder when 986 is divided by 110.
106
What is the remainder when 1276 is divided by 143?
132
What is the remainder when 5471 is divided by 57?
56
What is the remainder when 1599 is divided by 18?
15
Calculate the remainder when 85 is divided by 30.
25
Calculate the remainder when 424 is divided by 154.
116
Calculate the remainder when 134 is divided by 46.
42
What is the remainder when 3097 is divided by 124?
121
Calculate the remainder when 52 is divided by 20.
12
Calculate the remainder when 61 is divided by 23.
15
Calculate the remainder when 31 is divided by 7.
3
What is the remainder when 2301 is divided by 18?
15
What is the remainder when 1818 is divided by 52?
50
What is the remainder when 225 is divided by 46?
41
Calculate the remainder when 986 is divided by 23.
20
Calculate the remainder when 18747 is divided by 75.
72
Calculate the remainder when 73 is divided by 19.
16
Calculate the remainder when 97 is divided by 74.
23
Calculate the remainder when 3419 is divided by 38.
37
Calculate the remainder when 63 is divided by 41.
22
What is the remainder when 55 is divided by 8?
7
What is the remainder when 901 is divided by 42?
19
What is the remainder when 1770 is divided by 74?
68
Calculate the remainder when 252 is divided by 132.
120
Calculate the remainder when 4991 is divided by 48.
47
What is the remainder when 1842 is divided by 28?
22
Calculate the remainder when 3129 is divided by 1552.
25
What is the remainder when 443 is divided by 270?
173
What is the remainder when 639 is divided by 20?
19
Calculate the remainder when 210 is divided by 34.
6
Calculate the remainder when 728 is divided by 43.
40
What is the remainder when 124 is divided by 12?
4
What is the remainder when 599 is divided by 30?
29
Calculate the remainder when 28642 is divided by 22.
20
What is the remainder when 38 is divided by 13?
12
Calculate the remainder when 136 is divided by 10.
6
What is the remainder when 33 is divided by 9?
6
What is the remainder when 168 is divided by 19?
16
Calculate the remainder when 2071 is divided by 61.
58
Calculate the remainder when 410 is divided by 30.
20
Calculate the remainder when 147 is divided by 26.
17
Calculate the remainder when 345 is divided by 9.
3
What is the remainder when 355 is divided by 73?
63
Calculate the remainder when 1085 is divided by 271.
1
Calculate the remainder when 234 is divided by 25.
9
Calculate the remainder when 1045 is divided by 72.
37
What is the remainder when 884 is divided by 81?
74
Calculate the remainder when 283 is divided by 59.
47
Calculate the remainder when 60 is divided by 16.
12
What is the remainder when 1679 is divided by 444?
347
What is the remainder when 301 is divided by 8?
5
Calculate the remainder when 79 is divided by 46.
33
Calculate the remainder when 105 is divided by 18.
15
Calculate the remainder when 407 is divided by 102.
101
Calculate the remainder when 2035 is divided by 1011.
13
What is the remainder when 745 is divided by 736?
9
Calculate the remainder when 485 is divided by 63.
44
Calculate the remainder when 459 is divided by 92.
91
Calculate the remainder when 350 is divided by 27.
26
Calculate the remainder when 303 is divided by 49.
9
Calculate the remainder when 423 is divided by 43.
36
Calculate the remainder when 64 is divided by 11.
9
Calculate the remainder when 371 is divided by 33.
8
Calculate the remainder when 349 is divided by 161.
27
Calculate the remainder when 7940 is divided by 331.
327
Calculate the remainder when 5995 is divided by 12.
7
Calculate the remainder when 1132 is divided by 424.
284
What is the remainder when 876 is divided by 386?
104
What is the remainder when 644 is divided by 7?
0
What is the remainder when 490 is divided by 41?
39
What is the remainder when 439 is divided by 88?
87
What is the remainder when 293 is divided by 14?
13
Calculate the remainder when 1070 is divided by 176.
14
What is the remainder when 88 is divided by 10?
8
Calculate the remainder when 135 is divided by 25.
10
Calculate the remainder when 460 is divided by 402.
58
What is the remainder when 156 is divided by 18?
12
Calculate the remainder when 578 is divided by 116.
114
Calculate the remainder when 204 is divided by 9.
6
What is the remainder when 14036 is divided by 72?
68
What is the remainder when 128 is divided by 13?
11
Calculate the remainder when 57 is divided by 30.
27
What is the remainder when 10303 is divided by 64?
63
What is the remainder when 146 is divided by 31?
22
Calculate the remainder when 93 is divided by 33.
27
What is the remainder when 48298 is divided by 350?
348
What is the remainder when 578 is divided by 60?
38
What is the remainder when 98 is divided by 9?
8
What is the remainder when 250 is divided by 49?
5
Calculate the remainder when 219 is divided by 55.
54
What is the remainder when 7033 is divided by 201?
199
Calculate the remainder when 481 is divided by 243.
238
Calculate the remainder when 272 is divided by 69.
65
Calculate the remainder when 164 is divided by 87.
77
What is the remainder when 187 is divided by 47?
46
Calculate the remainder when 318 is divided by 20.
18
Calculate the remainder when 1190 is divided by 588.
14
Calculate the remainder when 12022 is divided by 6008.
6
What is the remainder when 2365 is divided by 91?
90
What is the remainder when 1241 is divided by 25?
16
Calculate the remainder when 249 is divided by 66.
51
Calculate the remainder when 234 is divided by 112.
10
Calculate the remainder when 545 is divided by 14.
13
What is the remainder when 2014 is divided by 21?
19
What is the remainder when 124 is divided by 18?
16
Calculate the remainder when 938 is divided by 47.
45
Calculate the remainder when 1543 is divided by 43.
38
Calculate the remainder when 305 is divided by 11.
8
Calculate the remainder when 224 is divided by 115.
109
What is the remainder when 271 is divided by 95?
81
What is the remainder when 18 is divided by 12?
6
Calculate the remainder when 331 is divided by 21.
16
Calculate the remainder when 7485 is divided by 1495.
10
What is the remainder when 218 is divided by 22?
20
Calculate the remainder when 65 is divided by 9.
2
What is the remainder when 656 is divided by 23?
12
What is the remainder when 1857 is divided by 921?
15
Calculate the remainder when 324 is divided by 57.
39
What is the remainder when 935 is divided by 35?
25
What is the remainder when 112 is divided by 23?
20
What is the remainder when 783 is divided by 7?
6
Calculate the remainder when 68 is divided by 56.
12
Calculate the remainder when 121 is divided by 35.
16
Calculate the remainder when 5132 is divided by 107.
103
What is the remainder when 47 is divided by 16?
15
Calculate the remainder when 34 is divided by 17.
0
What is the remainder when 917 is divided by 228?
5
Calculate the remainder when 394 is divided by 3.
1
Calculate the remainder when 104 is divided by 16.
8
What is the remainder when 10078 is divided by 35?
33
Calculate the remainder when 42 is divided by 16.
10
Calculate the remainder when 157 is divided by 122.
35
Calculate the remainder when 15 is divided by 8.
7
Calculate the remainder when 187 is divided by 41.
23
What is the remainder when 64 is divided by 27?
10
Calculate the remainder when 18587 is divided 